hat is the units digit of b/c*-2*-1?
5
Suppose -16 + 17 = -a. What is the tens digit of -4 - (-4 + 8 + 66/a)?
5
Suppose -2*c - c = -12. Let o be -1 + -1 - (-35 - 7). Suppose 4*b - 148 = c*y, 0 = -b + 5*y + 1 + o. What is the units digit of b?
6
Let b(w) = 95*w - 499. What is the tens digit of b(8)?
6
Let v(o) = 109*o**2 - 5. Let u be v(3). Suppose 10*c - 2*c = u. What is the units digit of c?
2
Let l(y) = 22*y**2 + 14*y - 56. What is the thousands digit of l(11)?
2
Let m be 27/(-6)*20/(-3). Let w = m - 20. What is the tens digit of w?
1
Let n be 72/33 + (-16)/88. Suppose 5*s = 43 - 8. Suppose s*d - n*d = 35. What is the units digit of d?
7
Let s(l) = 1258*l + 93. What is the hundreds digit of s(4)?
1
What is the hundreds digit of (-1 + -2)/3 + 28215/33?
8
Suppose -4*q + 2096 + 820 = 0. What is the units digit of q?
9
Suppose 447 = 3*g + 3*u - 2*u, -5*g - 2*u = -745. Suppose 2*v - 25 = g. What is the tens digit of v?
8
Suppose -15 = -5*b, 2*y - 3*b - 53 = -0*y. Suppose -44 - y = -5*p. What is the units digit of p?
5
Suppose 0 = r - 20 + 4. Suppose h = 104 + r. What is the units digit of h?
0
Suppose -5*o - 16 = 3*l, l - 5*o = -l - 44. What is the tens digit of (477/l - 2)*-4?
6
Let a(u) = u**2 - 7*u - 10. Let m be a(8). Let j be (8/(-6))/((-1)/3). What is the tens digit of j*4 - (-2 - m)?
1
Let x(a) = a**2 - 5*a - 13. Let f(k) = 3*k + 55. Let n be f(-14). What is the units digit of x(n)?
1
Let s(j) = -j**2 + 17*j + 13. Suppose -3*h + 3*d - 36 = -4*h, 2*h = -4*d + 74. Let y = h + -24. What is the tens digit of s(y)?
4
Let c(j) = 4 + 11 - 3 - j. What is the tens digit of c(-8)?
2
Suppose -2*n - 3*o = 5, 4*n + o - 3*o = 14. Suppose -n = -x + 7. What is the units digit of x?
9
Let b = 4291 + -3048. What is the units digit of b?
3
Let h(v) = 9*v + 8*v**2 - 18*v - 8 + 5*v. What is the units digit of h(-2)?
2
Suppose 4 = w + 2. Suppose v + 60 = -w*v - 5*i, 0 = 4*v + 4*i + 80. What is the units digit of 5/(2*v/(-16))?
2
Let k be 1/4 + 60/16. Suppose -5*n + 15 = -3*a + k*a, 2*n = -4*a + 6. What is the units digit of (45 - (a + 1))*1?
4
Let j be 28/10 - 15/(-75). Let d(l) = -j*l**3 - l**3 + l - 3*l**2 + l**2 - 4*l. What is the tens digit of d(-2)?
3
Let v be (-2)/(-9) - (-2130)/135. Suppose 0 = -4*a + v - 4. What is the units digit of a?
3
Let b(y) = -3*y + 16*y - 23 + 2*y. What is the units digit of b(6)?
7
Let x(w) = 4*w + 7. Let m be x(-5). Let j = -7 - m. Let u(t) = -t**3 + 8*t**2 - 7*t - 5. What is the tens digit of u(j)?
2
Suppose -2*h - 18 = -3*m, 0*h + 12 = 2*m - h. Let g be m/(1*4/(-80)). Let j = g - -182. What is the tens digit of j?
6
Let r(m) = 83*m**2 + 7*m + 5. What is the units digit of r(-3)?
1
Let t(s) = s - 1. Let g = -5 + 12. Let d be t(g). Let l = 19 - d. What is the units digit of l?
3
Suppose 5*u = 4*n + 19440, -15*u + 5*n = -11*u - 15552. What is the hundreds digit of u?
8
What is the tens digit of 625/(-2)*(-6 + (6 - 2))?
2
Let h = 227 + 130. What is the hundreds digit of h?
3
Let d(h) = h + 2*h + 2 + 4 - 2. Let z be (-20)/(-6) + 7/(-21). What is the tens digit of d(z)?
1
Suppose 8 = 4*j, 45 = 3*h - j + 4*j. Suppose 5*f + 12 = -h, f + 93 = 2*w. What is the tens digit of w?
4
Suppose 0 = 5*t + 38*g - 37*g - 235, 86 = 2*t + 2*g. What is the tens digit of t?
4
Let u(x) = 4*x**2 + x + 97. What is the units digit of u(13)?
6
Suppose 2*z + 1590 = 4*o - 0*z, 0 = -o + 4*z + 401. What is the tens digit of o?
9
Let w = 635 - 486. What is the hundreds digit of w?
1
Let r(s) = 5*s**2 + 2*s - 7*s**2 + 3*s**2 - 3*s. Let l be r(1). Suppose l = -2*j + j + 13. What is the units digit of j?
3
Let f(p) = p**3 + 17*p**2 + 25*p + 13. Suppose -63 = 4*u - 3. What is the units digit of f(u)?
8
Suppose 0 = o - 4*f + 17, f = -2*o - f - 4. Let g(l) = 2 - 4*l - 2*l + 2*l. What is the units digit of g(o)?
2
Let v(d) = 19*d - 2. Let p be v(-2). Let y = -15 - p. What is the tens digit of y?
2
Let c be 1/(-3) + 8/(-3). Let h(g) be the first derivative of -g**3/3 - 2*g**2 - g - 43. What is the units digit of h(c)?
2
Let x(a) = a**2 + 8*a + 7. Let r be x(-7). Suppose r = -3*q - o + 85, 2*o - o = -2*q + 57. Suppose 0*h + q = 2*h. What is the tens digit of h?
1
Let k(q) be the second derivative of q**4/12 + 5*q**3/6 - 2*q**2 - 16*q. What is the tens digit of k(10)?
4
Suppose -10 = -6*o + 20. Let k = -2 + o. Suppose -15 = -5*u, 3*s - 2*s - k*u + 5 = 0. What is the units digit of s?
4
Suppose -2*t = 6*f - 1832, t + 0*f - 904 = f. What is the hundreds digit of t?
9
Suppose -l - 5 + 0 = 0, -y - 12 = 3*l. Suppose -y*u + 11*u = 64. What is the units digit of 14 + -11 - u/(-2)?
7
Let y(c) = -c**2 + 59*c + 67. What is the hundreds digit of y(55)?
2
What is the units digit of 29/(8 + -3 - 531/108)?
8
Suppose 0*k + 3*k = -4*t + 1680, -5*k + 2835 = -5*t. What is the units digit of k?
4
Suppose -32*f + 158 = -30*f. What is the units digit of f?
9
What is the units digit of 1/(-2) + 121700/40 + -14?
8
Let n = 12247 - 7795. What is the tens digit of n?
5
Let s = -3 + -9. Let t = -10 - s. What is the units digit of 29 + (3 + -4)*t?
7
Let y be (4/(-1 - 1))/(8/(-20)). Suppose -y*t + 2*k + 798 = 0, 4 = k - 2*k. What is the hundreds digit of t?
1
Suppose 3*j + j = 0. Suppose -4*x = -212 - j. What is the units digit of x?
3
Let r = -5 + 10. Suppose 7*w - 2*w + 105 = -r*v, 70 = -3*w + 4*v. What is the units digit of 1 - w - (-4)/2?
5
Let b(y) = 146*y + 455. What is the units digit of b(16)?
1
Suppose 0 = q + 6*a, -a = 3*q - 0*a + 34. Suppose t = -t - 2. What is the tens digit of (77/28)/(t/q)?
3
Let r be -4 - (104/(-14) + 3/7). Suppose r*x + 2*x = 5, 5*o = -2*x + 622. What is the tens digit of o?
2
Let o(z) be the first derivative of z**4/24 + 11*z**3/3 - z**2/2 - 2. Let r(h) be the second derivative of o(h). What is the tens digit of r(-7)?
1
Let t be (-4)/((2/(-3))/((-1)/(-3))). Suppose 223 + 39 = t*x. What is the tens digit of x?
3
Let c(t) = 7*t + 25 - 17 + 39. What is the units digit of c(-6)?
5
What is the hundreds digit of 110/33*1695/10?
5
Let a(c) = -c - 10. Let v be a(-15). Suppose v*b = -b. Suppose b = w - 19 + 4. What is the tens digit of w?
1
Let h = 32 + -19. What is the tens digit of (h + -14)*26*-1?
2
Let f(z) = 157*z**2 - 5*z - 26. What is the units digit of f(-4)?
6
Let a be (-814)/(-10) + (-4)/10. Suppose -k - a = -2*k. Suppose 3*q = 2*d + 48, -4*q + 3*d + k = q. What is the tens digit of q?
1
Let a(x) = x + 1. Let g(d) = -d**2 - 10*d + 11. Let m be g(-11). Let q be a(m). What is the tens digit of -3 - 1/(q/(-25))?
2
Suppose 0 = -p + 9 + 4. Suppose y = 26 + p. What is the tens digit of y?
3
Let s(w) = 51*w + 123. What is the units digit of s(61)?
4
Suppose -a + 18 = 2*a. Suppose -12 = -14*s + 16. Suppose s = -m + a. What is the units digit of m?
4
Let a(r) = -r**3 + 10*r**2 - 2*r - 5. Let v be a(9). Suppose -v = -4*i + 150. What is the units digit of i?
2
Let o(a) = -a**2 + 56*a + 5. What is the units digit of o(14)?
3
Suppose 3*j - 956 = -311. What is the units digit of j?
5
Let r be (-36)/180 - 3/(15/(-16)). Suppose 3*m = 5*i + 375, -375 = -r*m - 0*i + 2*i. What is the units digit of m?
5
Let w = 5 - 15. Let b = w + 13. Suppose i + 6*n - 2*n = 12, -n + 25 = b*i. What is the units digit of i?
8
Let j be 5/2 - 2/4. Let h(g) = g**2 - 10*g + 14. Let q be h(9). Suppose c = -q*n - 14, 0*c - j*n = -4*c + 10. What is the units digit of c?
1
Suppose -4297 = -4*j - c - 1511, 3*c = -3*j + 2085. What is the hundreds digit of j?
6
Suppose 8 = -4*j - 4*i, -2*i = -0*j + 4*j. Let h = 1 + j. What is the units digit of h?
3
Suppose -60581 - 21707 = -16*n. What is the units digit of n?
3
Suppose -30*r + 1331 + 3499 = 0. What is the units digit of r?
1
Let a(u) = -4*u**3 + 23*u**2 + u - 1. What is the units digit of a(3)?
1
Let g be 12/9 - (-2528)/12. What is the tens digit of (-1)/((-2)/g*2)?
5
Let x = 52 - 40. Let s = -5 + x. What is the units digit of s?
7
Suppose -14*h + 5*h = -8145. What is the units digit of h?
5
Let j(h) be the third derivative of h**5/20 + 7*h**4/24 + 11*h**3/3 + 23*h**2. What is the units digit of j(-6)?
8
Suppose -7*o + 43 = 1. Let p(b) = -b**3 + 8*b**2 + 6*b - 12. What is the tens digit of p(o)?
9
Suppose q + 4*s = -8, -s + 2*s = 5*q + 19. Let x be (-1)/(q - (-11)/3). Suppose b + 3*b + t - 190 = 0, 0 = x*b + t - 143. What is the units digit of b?
7
Let 